t of 6769?
6
What is the units digit of 3080?
0
What is the units digit of 40872?
2
What is the ten thousands digit of 36623?
3
What is the tens digit of 1288?
8
What is the ten thousands digit of 100137?
0
What is the hundreds digit of 1998?
9
What is the ten thousands digit of 20957?
2
What is the ten thousands digit of 18789?
1
What is the hundreds digit of 639?
6
What is the thousands digit of 61169?
1
What is the units digit of 932?
2
What is the tens digit of 1219?
1
What is the units digit of 38275?
5
What is the hundred thousands digit of 117498?
1
What is the units digit of 4448?
8
What is the hundreds digit of 3913?
9
What is the thousands digit of 3418?
3
What is the tens digit of 6330?
3
What is the hundreds digit of 79688?
6
What is the hundreds digit of 1424?
4
What is the units digit of 4855?
5
What is the thousands digit of 5429?
5
What is the hundreds digit of 2217?
2
What is the hundreds digit of 586?
5
What is the hundreds digit of 17177?
1
What is the units digit of 3091?
1
What is the units digit of 13818?
8
What is the hundreds digit of 2528?
5
What is the hundreds digit of 57281?
2
What is the tens digit of 3322?
2
What is the ten thousands digit of 30027?
3
What is the units digit of 18845?
5
What is the tens digit of 574?
7
What is the ten thousands digit of 80860?
8
What is the thousands digit of 98375?
8
What is the hundreds digit of 1361?
3
What is the thousands digit of 19891?
9
What is the thousands digit of 4098?
4
What is the thousands digit of 1002?
1
What is the thousands digit of 4336?
4
What is the hundreds digit of 2579?
5
What is the units digit of 1811?
1
What is the tens digit of 6298?
9
What is the thousands digit of 8561?
8
What is the thousands digit of 1236?
1
What is the thousands digit of 99582?
9
What is the thousands digit of 19613?
9
What is the hundreds digit of 451?
4
What is the units digit of 563?
3
What is the hundreds digit of 10684?
6
What is the thousands digit of 8357?
8
What is the thousands digit of 1555?
1
What is the units digit of 2752?
2
What is the thousands digit of 96468?
6
What is the units digit of 937?
7
What is the units digit of 1268?
8
What is the units digit of 4633?
3
What is the units digit of 674?
4
What is the thousands digit of 2022?
2
What is the hundreds digit of 1199?
1
What is the hundreds digit of 923?
9
What is the thousands digit of 1792?
1
What is the units digit of 12989?
9
What is the tens digit of 33599?
9
What is the tens digit of 1514?
1
What is the tens digit of 2791?
9
What is the hundreds digit of 13909?
9
What is the units digit of 139?
9
What is the hundreds digit of 320?
3
What is the tens digit of 3620?
2
What is the hundreds digit of 3579?
5
What is the hundreds digit of 5235?
2
What is the hundreds digit of 1900?
9
What is the units digit of 17307?
7
What is the hundreds digit of 744?
7
What is the tens digit of 538?
3
What is the units digit of 77?
7
What is the thousands digit of 2433?
2
What is the hundreds digit of 1245?
2
What is the hundreds digit of 64652?
6
What is the hundreds digit of 804?
8
What is the tens digit of 145?
4
What is the thousands digit of 70167?
0
What is the tens digit of 3742?
4
What is the tens digit of 28820?
2
What is the units digit of 2879?
9
What is the units digit of 1492?
2
What is the thousands digit of 1301?
1
What is the thousands digit of 3513?
3
What is the units digit of 31980?
0
What is the units digit of 2260?
0
What is the ten thousands digit of 96946?
9
What is the tens digit of 2714?
1
What is the units digit of 619?
9
What is the tens digit of 13327?
2
What is the hundreds digit of 9236?
2
What is the thousands digit of 29202?
9
What is the tens digit of 10914?
1
What is the ten thousands digit of 36534?
3
What is the thousands digit of 27918?
7
What is the units digit of 183077?
7
What is the ten thousands digit of 23394?
2
What is the units digit of 16624?
4
What is the tens digit of 9739?
3
What is the tens digit of 51357?
5
What is the thousands digit of 17074?
7
What is the units digit of 3014?
4
What is the hundred thousands digit of 130901?
1
What is the hundreds digit of 396?
3
What is the ten thousands digit of 62366?
6
What is the ten thousands digit of 10646?
1
What is the tens digit of 64938?
3
What is the hundreds digit of 20789?
7
What is the units digit of 723?
3
What is the tens digit of 90?
9
What is the units digit of 41971?
1
What is the units digit of 81?
1
What is the units digit of 3621?
1
What is the tens digit of 1240?
4
What is the units digit of 9508?
8
What is the tens digit of 7854?
5
What is the units digit of 869?
9
What is the units digit of 20011?
1
What is the hundreds digit of 3184?
1
What is the thousands digit of 1959?
1
What is the hundreds digit of 4757?
7
What is the tens digit of 917?
1
What is the hundreds digit of 1056?
0
What is the units digit of 7278?
8
What is the hundreds digit of 12612?
6
What is the units digit of 27458?
8
What is the units digit of 122522?
2
What is the units digit of 9536?
6
What is the thousands digit of 1215?
1
What is the hundreds digit of 3610?
6
What is the thousands digit of 44684?
4
What is the thousands digit of 11087?
1
What is the thousands digit of 23448?
3
What is the thousands digit of 59675?
9
What is the units digit of 494?
4
What is the thousands digit of 7859?
7
What is the tens digit of 1316?
1
What is the thousands digit of 28173?
8
What is the units digit of 5441?
1
What is the thousands digit of 11580?
1
What is the thousands digit of 7509?
7
What is the hundreds digit of 21868?
8
What is the hundreds digit of 936?
9
What is the ten thousands digit of 83252?
8
What is the ten thousands digit of 35918?
3
What is the units digit of 3299?
9
What is the hundreds digit of 1218?
2
What is the thousands digit of 7323?
7
What is the units digit of 2378?
8
What is the tens digit of 9685?
8
What is the units digit of 5794?
4
What is the hundreds digit of 37460?
4
What is the hundreds digit of 4841?
8
What is the hundreds digit of 7089?
0
What is the thousands digit of 64185?
4
What is the tens digit of 589?
8
What is the thousands digit of 1361?
1
What is the hundreds digit of 24484?
4
What is the tens digit of 642?
4
What is the hundreds digit of 916?
9
What is the thousands digit of 1176?
1
What is the hundreds digit of 3465?
4
What is the tens digit of 5582?
8
What is the tens digit of 449?
4
What is the hundreds digit of 11136?
1
What is the hundreds digit of 76997?
9
What is the tens digit of 33879?
7
What is the units digit of 33730?
0
What is the tens digit of 160?
6
What is the hundreds digit of 616?
6
What is the tens digit of 83?
8
What is the tens digit of 18961?
6
What is the ten thousands digit of 57661?
5
What is the units digit of 2259?
9
What is the tens digit of 46455?
5
What is the units digit of 28672?
2
What is the thousands digit of 90782?
0
What is the hundreds digit of 21518?
5
What is the hundreds digit of 652?
6
What is the hundreds digit of 9065?
0
What is the ten thousands digit of 14262?
1
What is the units digit of 10568?
8
What is the tens digit of 22474?
7
What is the tens digit of 499?
9
What is the units digit of 7929?
9
What is the hundreds digit of 6848?
8
What is the ten thousands digit of 53359?
5
What is the hundreds digit of 323?
3
What is the ten thousands digit of 13806?
1
What is the hundreds digit of 48121?
1
What is the units digit of 817?
7
What is the tens digit of 3745?
4
What is the tens digit of 492?
9
What is the hundreds digit of 3109?
1
What is the hundreds digit of 23865?
8
What is the units digit of 2183?
3
What is the thousands digit of 8282?
8
What is the hundreds digit of 9994?
9
What is the hundred thousands digit of 107513?
1
What is the units digit of 13?
3
What is the units digit of 690?
0
What is the tens digit of 19437?
3
What is the units digit of 8754?
4
What is the thousands digit of 1528?
1
What is the ten thousands digit of 19971?
1
What is the hundreds digit of 1355?
3
What is the tens digit of 2580?
8
What is the hundreds digit of 16233?
2
What is the hundreds digit of 3589?
5
What is the hundreds digit of 2138?
1
What is the hundreds digit of 10001?
0
What is the units digit of 25245?
5
What is the units digit of 357?
7
What is the hundreds digi